{"id":144,"date":"2023-01-07T17:55:01","date_gmt":"2023-01-07T22:55:01","guid":{"rendered":"https:\/\/homeready.com.co\/web\/?page_id=144"},"modified":"2023-01-20T16:13:08","modified_gmt":"2023-01-20T21:13:08","slug":"servicios-hogar","status":"publish","type":"page","link":"https:\/\/homeready.com.co\/web\/index.php\/servicios-hogar\/","title":{"rendered":"Servicios hogar"},"content":{"rendered":"\t\t<div data-elementor-type=\"wp-page\" data-elementor-id=\"144\" class=\"elementor elementor-144\" data-elementor-post-type=\"page\">\n\t\t\t\t\t\t<section class=\"elementor-section elementor-top-section elementor-element elementor-element-b954f53 elementor-section-boxed elementor-section-height-default elementor-section-height-default\" data-id=\"b954f53\" data-element_type=\"section\">\n\t\t\t\t\t\t<div class=\"elementor-container elementor-column-gap-default\">\n\t\t\t\t\t<div class=\"elementor-column elementor-col-50 elementor-top-column elementor-element elementor-element-6ec319c\" data-id=\"6ec319c\" data-element_type=\"column\">\n\t\t\t<div class=\"elementor-widget-wrap elementor-element-populated\">\n\t\t\t\t\t\t<div class=\"elementor-element elementor-element-8cad8ab elementor-arrows-position-inside elementor-pagination-position-outside elementor-invisible elementor-widget elementor-widget-image-carousel\" data-id=\"8cad8ab\" data-element_type=\"widget\" data-settings=\"{&quot;slides_to_show&quot;:&quot;1&quot;,&quot;autoplay_speed&quot;:2000,&quot;_animation&quot;:&quot;fadeInUp&quot;,&quot;navigation&quot;:&quot;both&quot;,&quot;autoplay&quot;:&quot;yes&quot;,&quot;pause_on_hover&quot;:&quot;yes&quot;,&quot;pause_on_interaction&quot;:&quot;yes&quot;,&quot;infinite&quot;:&quot;yes&quot;,&quot;effect&quot;:&quot;slide&quot;,&quot;speed&quot;:500}\" data-widget_type=\"image-carousel.default\">\n\t\t\t\t<div class=\"elementor-widget-container\">\n\t\t\t\t\t\t\t<div class=\"elementor-image-carousel-wrapper swiper\" role=\"region\" aria-roledescription=\"carousel\" aria-label=\"Carrusel de im\u00e1genes\" dir=\"ltr\">\n\t\t\t<div class=\"elementor-image-carousel swiper-wrapper\" aria-live=\"off\">\n\t\t\t\t\t\t\t\t<div class=\"swiper-slide\" role=\"group\" aria-roledescription=\"slide\" aria-label=\"1 of 2\"><figure class=\"swiper-slide-inner\"><img decoding=\"async\" class=\"swiper-slide-image\" src=\"https:\/\/homeready.com.co\/web\/wp-content\/uploads\/elementor\/thumbs\/home-ready-08-q0ke6kd60unbalshzgm7mrlohx3360uu3jex96udpc.png\" alt=\"home-ready-08\" \/><\/figure><\/div><div class=\"swiper-slide\" role=\"group\" aria-roledescription=\"slide\" aria-label=\"2 of 2\"><figure class=\"swiper-slide-inner\"><img decoding=\"async\" class=\"swiper-slide-image\" src=\"https:\/\/homeready.com.co\/web\/wp-content\/uploads\/elementor\/thumbs\/home-ready-09-q0ke6o4is6sgl1n1di8pwqnivgkk0t9rg20v6aot0g.png\" alt=\"home-ready-09\" \/><\/figure><\/div>\t\t\t<\/div>\n\t\t\t\t\t\t\t\t\t\t\t\t<div class=\"elementor-swiper-button elementor-swiper-button-prev\" role=\"button\" tabindex=\"0\">\n\t\t\t\t\t\t<i aria-hidden=\"true\" class=\"eicon-chevron-left\"><\/i>\t\t\t\t\t<\/div>\n\t\t\t\t\t<div class=\"elementor-swiper-button elementor-swiper-button-next\" role=\"button\" tabindex=\"0\">\n\t\t\t\t\t\t<i aria-hidden=\"true\" class=\"eicon-chevron-right\"><\/i>\t\t\t\t\t<\/div>\n\t\t\t\t\n\t\t\t\t\t\t\t\t\t<div class=\"swiper-pagination\"><\/div>\n\t\t\t\t\t\t\t\t\t<\/div>\n\t\t\t\t\t\t<\/div>\n\t\t\t\t<\/div>\n\t\t\t\t\t<\/div>\n\t\t<\/div>\n\t\t\t\t<div class=\"elementor-column elementor-col-50 elementor-top-column elementor-element elementor-element-5c4501b\" data-id=\"5c4501b\" data-element_type=\"column\">\n\t\t\t<div class=\"elementor-widget-wrap elementor-element-populated\">\n\t\t\t\t\t\t<div class=\"elementor-element elementor-element-d75aaea elementor-invisible elementor-widget elementor-widget-heading\" data-id=\"d75aaea\" data-element_type=\"widget\" data-settings=\"{&quot;_animation&quot;:&quot;fadeIn&quot;}\" data-widget_type=\"heading.default\">\n\t\t\t\t<div class=\"elementor-widget-container\">\n\t\t\t\t\t<h2 class=\"elementor-heading-title elementor-size-default\">Servicios hogares<\/h2>\t\t\t\t<\/div>\n\t\t\t\t<\/div>\n\t\t\t\t<div class=\"elementor-element elementor-element-7f8d4de animated-slow elementor-invisible elementor-widget elementor-widget-text-editor\" data-id=\"7f8d4de\" data-element_type=\"widget\" data-settings=\"{&quot;_animation&quot;:&quot;fadeIn&quot;}\" data-widget_type=\"text-editor.default\">\n\t\t\t\t<div class=\"elementor-widget-container\">\n\t\t\t\t\t\t\t\t\t<p style=\"text-align: justify;\">Te acompa\u00f1amos de manera ocasional o peri\u00f3dica en las labores de aseo de tu hogar, seleccionando el paquete que m\u00e1s se ajuste a tus necesidades, dejando de manera impecable y ordenado tu hogar. T\u00fa decides el n\u00famero de horas que deseas contratar, de acuerdo a tu presupuesto y necesidades, mientras nuestra colaboradora te apoya con las tareas de tu hogar, puedes aprovechar tu tiempo para descansar o trabajar de manera tranquila.<\/p><p style=\"text-align: justify;\"><strong><span style=\"color: #9ac21c;\">Servicio 4 horas<\/span><\/strong><\/p><p style=\"text-align: justify;\">Teniendo en cuenta el tiempo contratado, nuestra colaboradora te apoyara en tareas como organizar tu apartamento, barrido y trapeado de pisos, lavado de loza y limpieza de cocina, limpieza de polvo en zonas visibles . Limpieza de ba\u00f1os.<\/p><p style=\"text-align: justify;\"><strong>Ideal para apartamentos peque\u00f1os o apartaestudios.<\/strong><\/p><p style=\"text-align: justify;\"><span style=\"color: #9ac21c;\"><strong>Servicio 6 horas<\/strong><\/span><\/p><p style=\"text-align: justify;\">Teniendo en cuenta el tiempo contratado, nuestra colaboradora te apoyara en tareas como organizar tu casa o apartamento, barrido y trapeado de pisos, lavado de loza y limpieza de cocina, limpieza de polvo en zonas visibles (no a profundidad). Lavado de ba\u00f1os (lavado de inodoros, lavado de ducha), limpieza de vidrios internos en ventanas.<\/p><p style=\"text-align: justify;\"><strong>Ideal para apartamentos grandes o casas.<\/strong><\/p><p style=\"text-align: justify;\"><span style=\"color: #9ac21c;\"><strong>Servicio 9 horas<\/strong><\/span><\/p><p style=\"text-align: justify;\">Teniendo en cuenta el tiempo contratado, nuestra colaboradora te apoyara en tareas de aseo general, como organizar tu casa o apartamento, tendido de camas, barrido y trapeado de pisos, lavado de loza y limpieza de cocina, limpieza de polvo a profundidad bajo camas y mesas,\u00a0 Lavado de ba\u00f1os (lavado de inodoros, lavado de ducha), limpieza de vidrios internos en ventanas, lavado de ropa en tu lavadora, dej\u00e1ndola extendida en el tendedero.<\/p><p style=\"text-align: justify;\"><strong>Ideal para apartamentos grandes o casas.<\/strong><\/p><p style=\"text-align: justify;\">Nuestras colaboradoras te llegaran de manera puntual, con la mejor actitud positiva y de manera respetuosa para realizar las tareas de tu hogar como se lo indiques, dejando de manera impecable y ordenado tu hogar.<\/p><p style=\"text-align: justify;\">Nuestro equipo cuenta con todas las prestaciones sociales, y de ley, present\u00e1ndote antes de iniciar sus labores soportes de pagos de eps, pensiones y arl.<\/p><p style=\"text-align: justify;\">Al terminar el servicio, nuestra colaboradora te informa, para entregarte las \u00e1reas intervenidas, en donde podr\u00e1s revisar y generar las observaciones que consideres para tener un servicio a satisfacci\u00f3n.<\/p><p style=\"text-align: justify;\"><strong><span style=\"color: #9ac21c;\">Nuestro servicio no incluye:<\/span><\/strong> la preparaci\u00f3n de alimentos, insumos y\/o herramientas para el servicio de aseo.<\/p>\t\t\t\t\t\t\t\t<\/div>\n\t\t\t\t<\/div>\n\t\t\t\t\t<\/div>\n\t\t<\/div>\n\t\t\t\t\t<\/div>\n\t\t<\/section>\n\t\t\t\t<\/div>\n\t\t","protected":false},"excerpt":{"rendered":"<p>Anterior Siguiente Servicios hogares Te acompa\u00f1amos de manera ocasional o peri\u00f3dica en las labores de aseo de tu hogar, seleccionando el paquete que m\u00e1s se ajuste a tus necesidades, dejando de manera impecable y ordenado tu hogar. T\u00fa decides el n\u00famero de horas que deseas contratar, de acuerdo a tu presupuesto y necesidades, mientras nuestra [&hellip;]<\/p>\n","protected":false},"author":1,"featured_media":0,"parent":0,"menu_order":0,"comment_status":"closed","ping_status":"closed","template":"","meta":{"footnotes":""},"class_list":["post-144","page","type-page","status-publish","hentry"],"_links":{"self":[{"href":"https:\/\/homeready.com.co\/web\/index.php\/wp-json\/wp\/v2\/pages\/144","targetHints":{"allow":["GET"]}}],"collection":[{"href":"https:\/\/homeready.com.co\/web\/index.php\/wp-json\/wp\/v2\/pages"}],"about":[{"href":"https:\/\/homeready.com.co\/web\/index.php\/wp-json\/wp\/v2\/types\/page"}],"author":[{"embeddable":true,"href":"https:\/\/homeready.com.co\/web\/index.php\/wp-json\/wp\/v2\/users\/1"}],"replies":[{"embeddable":true,"href":"https:\/\/homeready.com.co\/web\/index.php\/wp-json\/wp\/v2\/comments?post=144"}],"version-history":[{"count":16,"href":"https:\/\/homeready.com.co\/web\/index.php\/wp-json\/wp\/v2\/pages\/144\/revisions"}],"predecessor-version":[{"id":302,"href":"https:\/\/homeready.com.co\/web\/index.php\/wp-json\/wp\/v2\/pages\/144\/revisions\/302"}],"wp:attachment":[{"href":"https:\/\/homeready.com.co\/web\/index.php\/wp-json\/wp\/v2\/media?parent=144"}],"curies":[{"name":"wp","href":"https:\/\/api.w.org\/{rel}","templated":true}]}}